723
List the prime factors of 88.
2, 11
What are the prime factors of 3797?
3797
List the prime factors of 120999.
3, 53, 761
What are the prime factors of 7585?
5, 37, 41
What are the prime factors of 8109?
3, 17, 53
What are the prime factors of 50115?
3, 5, 13, 257
List the prime factors of 223.
223
What are the prime factors of 33293?
13, 197
What are the prime factors of 70261?
17, 4133
What are the prime factors of 4393?
23, 191
What are the prime factors of 4435?
5, 887
List the prime factors of 19342.
2, 19, 509
List the prime factors of 3066.
2, 3, 7, 73
What are the prime factors of 2781?
3, 103
List the prime factors of 145511.
145511
What are the prime factors of 29857?
73, 409
What are the prime factors of 1341?
3, 149
What are the prime factors of 36413?
13, 2801
What are the prime factors of 19246?
2, 9623
What are the prime factors of 709?
709
List the prime factors of 11624.
2, 1453
List the prime factors of 1731.
3, 577
List the prime factors of 7765.
5, 1553
List the prime factors of 658.
2, 7, 47
What are the prime factors of 10602?
2, 3, 19, 31
What are the prime factors of 2462?
2, 1231
List the prime factors of 2115.
3, 5, 47
What are the prime factors of 8399?
37, 227
List the prime factors of 3705.
3, 5, 13, 19
What are the prime factors of 45?
3, 5
What are the prime factors of 2443?
7, 349
List the prime factors of 10549.
7, 11, 137
List the prime factors of 2433.
3, 811
What are the prime factors of 823?
823
What are the prime factors of 13582?
2, 6791
What are the prime factors of 9860?
2, 5, 17, 29
What are the prime factors of 19751?
19751
What are the prime factors of 855?
3, 5, 19
What are the prime factors of 3606?
2, 3, 601
What are the prime factors of 11108?
2, 2777
List the prime factors of 142705.
5, 28541
What are the prime factors of 32921?
7, 4703
What are the prime factors of 2312?
2, 17
List the prime factors of 2664.
2, 3, 37
List the prime factors of 34074.
2, 3, 631
What are the prime factors of 46495?
5, 17, 547
What are the prime factors of 57690?
2, 3, 5, 641
List the prime factors of 53344.
2, 1667
What are the prime factors of 62578?
2, 67, 467
List the prime factors of 129.
3, 43
List the prime factors of 2817.
3, 313
List the prime factors of 45078.
2, 3, 11, 683
What are the prime factors of 1590?
2, 3, 5, 53
What are the prime factors of 35991?
3, 31, 43
What are the prime factors of 7638?
2, 3, 19, 67
List the prime factors of 1578.
2, 3, 263
List the prime factors of 820.
2, 5, 41
What are the prime factors of 459?
3, 17
What are the prime factors of 47972?
2, 67, 179
What are the prime factors of 455?
5, 7, 13
List the prime factors of 3789.
3, 421
List the prime factors of 10179.
3, 13, 29
List the prime factors of 14703.
3, 13, 29
What are the prime factors of 1371?
3, 457
What are the prime factors of 344?
2, 43
List the prime factors of 149663.
19, 7877
What are the prime factors of 13830?
2, 3, 5, 461
List the prime factors of 67794.
2, 3, 11299
What are the prime factors of 4004?
2, 7, 11, 13
List the prime factors of 22445.
5, 67
What are the prime factors of 395?
5, 79
What are the prime factors of 23282?
2, 7, 1663
List the prime factors of 1727.
11, 157
What are the prime factors of 4171?
43, 97
List the prime factors of 4815.
3, 5, 107
What are the prime factors of 2268?
2, 3, 7
List the prime factors of 13106.
2, 6553
What are the prime factors of 4585?
5, 7, 131
What are the prime factors of 232?
2, 29
List the prime factors of 181563.
3, 60521
List the prime factors of 413.
7, 59
List the prime factors of 16978.
2, 13, 653
List the prime factors of 2717.
11, 13, 19
List the prime factors of 7103.
7103
List the prime factors of 33902.
2, 11, 23, 67
What are the prime factors of 23532?
2, 3, 37, 53
What are the prime factors of 2700?
2, 3, 5
What are the prime factors of 1773?
3, 197
List the prime factors of 2875.
5, 23
What are the prime factors of 3005?
5, 601
What are the prime factors of 58572?
2, 3, 1627
List the prime factors of 15897.
3, 7, 757
List the prime factors of 75923.
23, 3301
List the prime factors of 1804.
2, 11, 41
What are the prime factors of 96012?
2, 3, 7, 127
List the prime factors of 2695.
5, 7, 11
What are the prime factors of 50904?
2, 3, 7, 101
List the prime factors of 2523.
3, 29
List the prime factors of 1255.
5, 251
List the prime factors of 5639.
5639
What are the prime factors of 1415?
5, 283
What are the prime factors of 1908?
2, 3, 53
What are the prime factors of 490?
2, 5, 7
List the prime factors of 6399.
3, 79
List the prime factors of 54905.
5, 79, 139
List the prime factors of 7763.
7, 1109
List the prime factors of 20189.
13, 1553
List the prime factors of 7061.
23, 307
What are the prime factors of 2133?
3, 79
What are the prime factors of 53058?
2, 3, 37, 239
List the prime factors of 883.
883
List the prime factors of 9991.
97, 103
What are the prime factors of 19326?
2, 3, 3221
List the prime factors of 994.
2, 7, 71
What are the prime factors of 1988?
2, 7, 71
What are the prime factors of 12737?
47, 271
What are the prime factors of 19967?
41, 487
List the prime factors of 31774.
2, 15887
What are the prime factors of 665?
5, 7, 19
What are the prime factors of 6381?
3, 709
List the prime factors of 3947.
3947
List the prime factors of 773.
773
List the prime factors of 12525.
3, 5, 167
List the prime factors of 1324.
2, 331
What are the prime factors of 6116?
2, 11, 139
List the prime factors of 793.
13, 61
List the prime factors of 61174.
2, 73, 419
What are the prime factors of 88?
2, 11
List the prime factors of 49890.
2, 3, 5, 1663
List the prime factors of 1169.
7, 167
What are the prime factors of 1615?
5, 17, 19
What are the prime factors of 1932?
2, 3, 7, 23
List the prime factors of 31893.
3, 10631
What are the prime factors of 645?
3, 5, 43
What are the prime factors of 2986?
2, 1493
What are the prime factors of 59560?
2, 5, 1489
List the prime factors of 5887.
7, 29
What are the prime factors of 10720?
2, 5, 67
List the prime factors of 5094.
2, 3, 283
List the prime factors of 4566.
2, 3, 761
List the prime factors of 484.
2, 11
List the prime factors of 2159.
17, 127
List the prime factors of 1699.
1699
What are the prime factors of 11671?
11, 1061
What are the prime factors of 5661?
3, 17, 37
List the prime factors of 459.
3, 17
What are the prime factors of 6352?
2, 397
What are the prime factors of 37?
37
List the prime factors of 1352.
2, 13
What are the prime factors of 2179?
2179
What are the prime factors of 156?
2, 3, 13
What are the prime factors of 10919?
61, 179
List the prime factors of 1404.
2, 3, 13
List the prime factors of 1710.
2, 3, 5, 19
What are the prime factors of 2179?
2179
List the prime factors of 963.
3, 107
List the prime factors of 39402.
2, 3, 11, 199
What are the prime factors of 7978?
2, 3989
List the prime factors of 52130.
2, 5, 13, 401
List the prime factors of 70011.
3, 2593
What are the prime factors of 1894?
2, 947
What are the prime factors of 2365?
5, 11, 43
What are the prime factors of 7935?
3, 5, 23
What are the prime factors of 694?
2, 347
What are the prime factors of 204455?
5, 103, 397
What are the prime factors of 151048?
2, 79, 239
What are the prime factors of 12524?
2, 31, 101
What are the prime factors of 1478?
2, 739
List the prime factors of 388.
2, 97
List the prime factors of 1549.
1549
List the prime factors of 10879.
11, 23, 43
List the prime factors of 1445.
5, 17
What are the prime factors of 3507?
3, 7, 167
What are the prime factors of 5141?
53, 97
List the prime factors of 28440.
2, 3, 5, 79
List the prime factors of 1500.
2, 3, 5
List the prime factors of 23938.
2, 11969
What are the prime factors of 17371?
29, 599
What are the prime factors of 86935?
5, 17387
List the prime factors of 18149.
18149
What are the prime factors of 1807?
13, 139
List the prime factors of 4920.
2, 3, 5, 41
List the prime factors of 447.
3, 149
List the prime factors of 140.
2, 5, 7
What are the prime factors of 69788?
2, 73, 239
List the prime factors of 1016.
2, 127
What are the prime factors of 42367?
13, 3259
List the prime factors of 6304.
2, 197
What are the prime factors of 2399?
2399
What are the prime factors of 623?
7, 89
What are the prime factors of 3289